et g(d) = 214*d + 4303. Calculate g(-20).
23
Let y(i) = -2*i**2 + 64*i + 19. Determine y(0).
19
Let q(w) = w**3 + 7*w**2 - 9*w - 73. Calculate q(3).
-10
Let v(l) = -76*l - 1540. Give v(-20).
-20
Let n(g) = -443*g - 22150. Calculate n(-50).
0
Let a(q) = 430*q + 11715. Calculate a(-27).
105
Let x(l) = l**3 + 13*l**2 - 2*l + 25. What is x(-13)?
51
Let y(k) = 409*k + 6122. Determine y(-15).
-13
Let c(d) = -11*d**2 - 33*d + 1195. Calculate c(9).
7
Let w(l) = -105*l + 5047. Calculate w(48).
7
Let p(s) = -141*s - 2696. Calculate p(-19).
-17
Let d(s) = -s**3 + 14*s**2 + 5*s - 73. Determine d(14).
-3
Let r(x) = -3*x**3 - 2*x**2 + 159*x - 114. What is r(-8)?
22
Let s(h) = h**2 + 27*h - 8009. Determine s(-104).
-1
Let k(m) = -17*m**2 - 444*m - 47. Determine k(-26).
5
Let q(m) = 541*m + 2729. Give q(-6).
-517
Let x(h) = -1641*h - 21321. What is x(-13)?
12
Let o(a) = a**3 + 11*a**2 - 25*a + 45. Determine o(-13).
32
Let h(n) = n**3 - 38*n**2 + 36*n - 63. Give h(37).
-100
Let j(p) = -8*p**2 + 11*p - 12. What is j(2)?
-22
Let q(z) = -115*z - 4496. What is q(-39)?
-11
Let p(f) = -f**3 - 8*f**2 - 200*f - 2187. What is p(-10)?
13
Let s(f) = 36*f**2 + 173*f + 109. Determine s(-4).
-7
Let f(i) = -569*i - 23337. Determine f(-41).
-8
Let f(a) = 86*a - 688. What is f(8)?
0
Let z(v) = 3*v**2 + 16*v + 7. Determine z(-2).
-13
Let l(c) = -c + 118. Calculate l(51).
67
Let g(s) = -7*s**2 - 6*s - 2. Calculate g(-2).
-18
Let x(o) = -9*o**3 - 9*o**2 + 3*o + 7. What is x(1)?
-8
Let q(k) = k**2 + 106*k - 87. Determine q(-106).
-87
Let j(o) = 2*o**2 + 40*o - 44. What is j(-21)?
-2
Let o(w) = 7*w**2 + 19*w - 2. Give o(3).
118
Let u(c) = c**3 - 87*c**2 - 174*c - 373. Give u(89).
-17
Let w(s) = -s**3 - 6*s**2 + 763*s + 5281. Determine w(-7).
-11
Let m(c) = -584*c - 45565. What is m(-78)?
-13
Let q(g) = g**3 - 24*g**2 - 55*g + 888. Give q(24).
-432
Let v(g) = -454*g + 5339. Give v(12).
-109
Let r(h) = 27*h - 1467. Determine r(54).
-9
Let y(w) = -2*w**3 - 53*w**2 + 25*w - 40. What is y(-27)?
14
Let x(r) = -r**2 + 66*r - 735. Give x(14).
-7
Let k(q) = 18*q - 796. Calculate k(60).
284
Let x(v) = 71*v**2 - 1279*v + 34. What is x(18)?
16
Let k(m) = -2*m**3 - 16*m**2 - 4*m + 8. What is k(-9)?
206
Let x(p) = -11*p**2 + 13*p + 8. Calculate x(-3).
-130
Let o(r) = -2*r**3 - 41*r**2 + 22*r + 35. What is o(-21)?
14
Let v(i) = -7428*i + 14854. What is v(2)?
-2
Let f(m) = 80*m + 1502. Determine f(-19).
-18
Let t(c) = -c**3 + 39*c**2 - 176*c + 124. What is t(34)?
-80
Let s(f) = -8*f**2 + 1034*f - 261. What is s(129)?
-3
Let t(j) = -j**2 + 12*j - 86. Give t(0).
-86
Let x(s) = s**2 + 58*s + 402. Give x(-46).
-150
Let l(t) = -1563*t + 112540. Calculate l(72).
4
Let k(n) = n**2 - 40*n + 173. Determine k(46).
449
Let w(l) = -172*l + 1043. Give w(6).
11
Let d(a) = -32*a**3 - 3617*a**2 - 114*a - 118. What is d(-113)?
-5
Let i(j) = 12*j**2 + 98*j - 32. Determine i(-11).
342
Let d(g) = 228*g**2 + 1604*g + 60. Calculate d(-7).
4
Let q(z) = z**3 - 42*z**2 + 45*z - 119. Calculate q(41).
45
Let x(o) = -44*o + 136. What is x(2)?
48
Let f(c) = 4*c**2 + 84*c - 652. Determine f(-27).
-4
Let n(v) = 34*v + 1051. Give n(-31).
-3
Let j(k) = -3*k**3 - 65*k**2 - 103*k + 9. What is j(-20)?
69
Let s(c) = c**3 + 33*c**2 - 76*c + 56. Determine s(-35).
266
Let y(s) = -21*s + 79. Give y(6).
-47
Let m(r) = -149*r + 2372. What is m(13)?
435
Let m(f) = 36*f + 297. Determine m(-8).
9
Let a(v) = -9*v + 59. What is a(21)?
-130
Let x(r) = -r**3 + 38*r**2 + 175*r - 303. What is x(42)?
-9
Let q(j) = j**2 + 828*j + 26985. Give q(-34).
-11
Let g(c) = 102*c - 202. Determine g(5).
308
Let r(c) = -93*c + 2597. Calculate r(27).
86
Let x(w) = 2*w**3 - 53*w**2 + 31*w - 144. Calculate x(26).
-14
Let t(s) = -46*s + 4074. Give t(90).
-66
Let v(i) = 4*i**3 + 2*i**2 - 1. Determine v(1).
5
Let b(y) = -6149*y + 30735. Calculate b(5).
-10
Let l(v) = -v**2 + 79*v + 1008. Determine l(81).
846
Let v(t) = -12*t**2 + 2*t + 9. Calculate v(-3).
-105
Let v(m) = -120*m + 3240. Give v(27).
0
Let x(c) = -81*c - 589. What is x(-7)?
-22
Let w(f) = f**3 + 11*f**2 + 24*f - 5. Calculate w(-3).
-5
Let i(f) = 171*f + 522. Give i(0).
522
Let l(x) = x**2 + 22*x - 221. Determine l(-29).
-18
Let y(f) = -118*f**2 + 197*f + 85. Give y(2).
7
Let r(i) = 5*i**2 + 16*i - 63. What is r(0)?
-63
Let w(n) = -4*n**2 + 277*n - 239. What is w(68)?
101
Let u(d) = 148*d + 587. Determine u(-4).
-5
Let c(s) = s**2 - 37*s - 63. Determine c(39).
15
Let w(o) = o**3 + 2*o**2 - 3. Determine w(0).
-3
Let a(j) = -2*j**2 + 90*j - 144. Calculate a(43).
28
Let m(p) = -225*p + 3140. Determine m(14).
-10
Let u(q) = -q**2 - 764*q + 45050. What is u(55)?
5
Let t(i) = 2*i**2 - 71*i + 416. Determine t(7).
17
Let y(v) = -32*v + 65. Calculate y(4).
-63
Let j(p) = -2*p**3 - 95*p**2 - 140*p - 93. Calculate j(-46).
-1
Let u(p) = 120*p**3 + 3*p**2 - 2*p - 2. Give u(1).
119
Let b(d) = d**3 + 5*d**2 - 6*d - 3. What is b(-8)?
-147
Let j(m) = 42*m - 13. What is j(0)?
-13
Let i(k) = k**2 + 24*k - 182. Calculate i(-15).
-317
Let g(b) = 54*b - 152. Calculate g(6).
172
Let m(o) = o**3 - 9*o**2 + 16*o + 19. What is m(6)?
7
Let o(t) = 3*t**3 + 76*t**2 + 36*t + 34. Determine o(-25).
-241
Let c(s) = -s**3 + 19*s**2 + 15*s + 4. Determine c(-3).
157
Let n(q) = -7119*q - 14262. What is n(-2)?
-24
Let x(v) = 2*v**3 + 49*v**2 + 224*v - 1. Determine x(-6).
-13
Let u(m) = 105*m**2 + 42*m + 42. What is u(-1)?
105
Let b(d) = -32*d + 540. Determine b(15).
60
Let m(n) = -n**2 + 179*n - 2033. Determine m(12).
-29
Let a(i) = -i**2 - 6*i + 145. Determine a(9).
10
Let a(n) = n**2 + 12*n - 5. Determine a(1).
8
Let w(s) = -2*s**2 - 312*s + 953. What is w(3)?
-1
Let s(f) = -171*f - 862. Give s(-5).
-7
Let l(j) = -j**2 + 62*j - 453. Calculate l(53).
24
Let t(n) = -2*n**2 - 24*n + 87. Calculate t(6).
-129
Let j(r) = -r**3 + 22*r**2 + 454*r - 20. Give j(-13).
-7
Let r(f) = 352*f + 961. Give r(-3).
-95
Let v(i) = -124*i**2 - 2484*i - 67. What is v(-20)?
13
Let w(j) = 3*j**2 + 14*j + 97. Calculate w(-9).
214
Let r(g) = -3*g**2 - 13*g - 114. Calculate r(-6).
-144
Let f(r) = -210*r - 4813. Determine f(-23).
17
Let u(p) = -19*p - 1008. What is u(-41)?
-229
Let l(c) = 187*c + 3920. Give l(-21).
-7
Let k(n) = -34*n**2 - 169*n - 8. Give k(-5).
-13
Let r(c) = -32*c + 104. Give r(0).
104
Let z(n) = n**3 - 48*n**2 + 3*n - 163. What is z(48)?
-19
Let n(c) = -c**2 + 325*c + 4383. Calculate n(-13).
-11
Let q(z) = -2*z**2 - 483*z - 2138. Determine q(-237).
-5
Let m(q) = 22*q + 564. What is m(-26)?
-8
Let m(d) = -d**3 + 38*d**2 + 43*d - 142. Determine m(39).
14
Let f(h) = 8*h**2 + 372*h - 122. What is f(-45)?
-662
Let g(f) = -6*f**2 + 7*f - 3. Give g(1).
-2
Let o(f) = -6*f**2 - 112*f + 40. Calculate o(-19).
2
Let u(x) = -x**3 + 5*x**2 + 19*x + 37. Calculate u(8).
-3
Let o(j) = 5*j + 28. What is o(7)?
63
Let l(i) = i**2 + 76*i + 848. Give l(-28).
-496
Let n(t) = -420*t + 29390. Determine n(70).
-10
Let u(i) = -i**3 - 29*i**2 - 23*i + 154. Calculate u(-28).
14
Let f(c) = 4*c**2 - 81*c + 20. Determine f(20).
0
Let q(t) = -t**3 - 330*t**2 - 5617*t - 307. Calculate q(-312).
5
Let b(c) = 20*c - 329. Determine b(16).
-9
Let f(x) = 3*x**2 - 32*x + 88. What is f(13)?
179
Let h(q) = -3529*q - 67056. Give h(-19).
-5
Let h(o) = o**3 - 30*o**2 + 32*o + 93. What is h(28)?
-579
Let f(b) = 1270*b - 17783. Determine f(14).
-3
Let j(t) = -11*t**2 + 126*t - 154. Give j(10).
6
Let c(z) = -126*z + 924. Determine c(7).
42
Let t(j) = -j**2 - 42*j + 3546. Calculate t(-84).
18
Let c(s) = s**3 + 21*s**2 + 6*s + 4. Determine c(-21).
-122
Let q(m) = 1716*m - 6856. Calculate q(4).
8
Let m(g) = -2*g**3 + 4*g**2 - 3*g - 3. Determine m(-7).
900
Let m(w) = 124*w**2 - 1485*w - 38. Determine m(12).
-2
Let b(j) = 2*j**3 + 4*j**2 + 7*j - 58. Calculate b(0).
-58
Let h(c) = -c**2 + 26*c - 71. Give h(7).
62
Let z(i) = -i**3 + 52*i**2 - 41*i - 347. Determine z(51).
163
Let c(v) = 5*v + 129. Determine c(-26).
-1
Let p(j) = j**3 - 3*j**2 - 30*j - 8. What is p(-4)?
0
Let a(d) = 2999*d - 11996. Calculate a(4).
0
Let d(a) = -4*a**2 + 137*a + 554. Calculate d(38).
-16
Let b(k) = k**3 + 33*k**2 + 36*k + 133. Give b(-32).
5
Let w(v) = -10*v**2 + 18*v + 32. Give w(0).
32
Let z(p) = -p**3 + 3*p**2 - 7*p + 11. Give z(2).
1
Let x(o) = 5*o**2 + 12*o - 71. Calculate x(4).
57
Let s(v) = -v**3 + 12*v**2 + 22*